{"id":2,"date":"2025-07-25T18:27:37","date_gmt":"2025-07-25T18:27:37","guid":{"rendered":"https:\/\/naturalma3d.com.ar\/?page_id=2"},"modified":"2025-07-29T15:57:27","modified_gmt":"2025-07-29T15:57:27","slug":"sample-page","status":"publish","type":"page","link":"https:\/\/naturalma3d.com.ar\/","title":{"rendered":"Home"},"content":{"rendered":"\t\t<div data-elementor-type=\"wp-page\" data-elementor-id=\"2\" class=\"elementor elementor-2\">\n\t\t\t\t<div class=\"elementor-element elementor-element-3b676db6 e-con-full e-flex e-con e-parent\" data-id=\"3b676db6\" data-element_type=\"container\">\n\t\t\t\t<div class=\"elementor-element elementor-element-66351cdc elementor-widget elementor-widget-text-editor\" data-id=\"66351cdc\" data-element_type=\"widget\" data-widget_type=\"text-editor.default\">\n\t\t\t\t\t\t\t\t\t<h1>Acceso Exclusivo para Clientes Mayoristas<\/h1><p><!-- \/wp:paragraph --><!-- wp:quote --><\/p><blockquote class=\"wp-block-quote\"><p data-start=\"215\" data-end=\"419\">Esta plataforma est\u00e1 destinada \u00fanicamente a ventas mayoristas.<br data-start=\"277\" data-end=\"280\" \/>Si ten\u00e9s un local o emprendimiento y dese\u00e1s comprar nuestros productos de decoraci\u00f3n 3D al por mayor, es necesario registrarte previamente.<\/p><p data-start=\"421\" data-end=\"584\">Una vez aprobado tu registro, podr\u00e1s acceder a nuestros cat\u00e1logos completos con precios mayoristas, condiciones de compra y novedades exclusivas para revendedores.<\/p><p data-start=\"586\" data-end=\"796\"><img decoding=\"async\" class=\"emoji\" role=\"img\" draggable=\"false\" src=\"https:\/\/s.w.org\/images\/core\/emoji\/16.0.1\/svg\/1f512.svg\" alt=\"\ud83d\udd12\" \/> <strong data-start=\"589\" data-end=\"695\">Es condici\u00f3n indispensable estar inscripto en AFIP y contar con tienda f\u00edsica y\/o virtual verificable.<\/strong><br data-start=\"695\" data-end=\"698\" \/><img decoding=\"async\" class=\"emoji\" role=\"img\" draggable=\"false\" src=\"https:\/\/s.w.org\/images\/core\/emoji\/16.0.1\/svg\/1f6cd.svg\" alt=\"\ud83d\udecd\ufe0f\" \/> <strong data-start=\"702\" data-end=\"728\">\u00bfSos consumidor final?<\/strong> Realiz\u00e1 tus compras en <a class=\"\" href=\"https:\/\/www.naturalma.ar\" target=\"_new\" rel=\"noopener\" data-start=\"752\" data-end=\"796\">www.naturalma.ar<\/a><\/p><\/blockquote><p><!-- \/wp:paragraph --><\/p>\t\t\t\t\t\t\t\t<\/div>\n\t\t\t\t<\/div>\n\t\t<div class=\"elementor-element elementor-element-6aee2fa e-con-full e-flex e-con e-parent\" data-id=\"6aee2fa\" data-element_type=\"container\">\n\t\t\t\t<div class=\"elementor-element elementor-element-4981111 elementor-align-center elementor-widget elementor-widget-button\" data-id=\"4981111\" data-element_type=\"widget\" data-widget_type=\"button.default\">\n\t\t\t\t\t\t\t\t\t\t<a class=\"elementor-button elementor-button-link elementor-size-sm\" href=\"https:\/\/naturalma3d.com.ar\/?page_id=51\">\n\t\t\t\t\t\t<span class=\"elementor-button-content-wrapper\">\n\t\t\t\t\t\t\t\t\t<span class=\"elementor-button-text\">REGISTRATE<\/span>\n\t\t\t\t\t<\/span>\n\t\t\t\t\t<\/a>\n\t\t\t\t\t\t\t\t<\/div>\n\t\t\t\t<\/div>\n\t\t\t\t<\/div>\n\t\t","protected":false},"excerpt":{"rendered":"<p>Acceso Exclusivo para Clientes Mayoristas Esta plataforma est\u00e1 destinada \u00fanicamente a ventas mayoristas.Si ten\u00e9s un local o emprendimiento y dese\u00e1s comprar nuestros productos de decoraci\u00f3n 3D al por mayor, es necesario registrarte previamente. Una vez aprobado tu registro, podr\u00e1s acceder a nuestros cat\u00e1logos completos con precios mayoristas, condiciones de compra y novedades exclusivas para revendedores. &hellip; <\/p>\n<p class=\"link-more\"><a href=\"https:\/\/naturalma3d.com.ar\/\" class=\"more-link\">Segu\u00ed leyendo<span class=\"screen-reader-text\"> &#8220;Home&#8221;<\/span><\/a><\/p>\n","protected":false},"author":1,"featured_media":0,"parent":0,"menu_order":1,"comment_status":"closed","ping_status":"open","template":"","meta":{"footnotes":""},"class_list":["post-2","page","type-page","status-publish","hentry"],"_links":{"self":[{"href":"https:\/\/naturalma3d.com.ar\/index.php?rest_route=\/wp\/v2\/pages\/2","targetHints":{"allow":["GET"]}}],"collection":[{"href":"https:\/\/naturalma3d.com.ar\/index.php?rest_route=\/wp\/v2\/pages"}],"about":[{"href":"https:\/\/naturalma3d.com.ar\/index.php?rest_route=\/wp\/v2\/types\/page"}],"author":[{"embeddable":true,"href":"https:\/\/naturalma3d.com.ar\/index.php?rest_route=\/wp\/v2\/users\/1"}],"replies":[{"embeddable":true,"href":"https:\/\/naturalma3d.com.ar\/index.php?rest_route=%2Fwp%2Fv2%2Fcomments&post=2"}],"version-history":[{"count":16,"href":"https:\/\/naturalma3d.com.ar\/index.php?rest_route=\/wp\/v2\/pages\/2\/revisions"}],"predecessor-version":[{"id":86,"href":"https:\/\/naturalma3d.com.ar\/index.php?rest_route=\/wp\/v2\/pages\/2\/revisions\/86"}],"wp:attachment":[{"href":"https:\/\/naturalma3d.com.ar\/index.php?rest_route=%2Fwp%2Fv2%2Fmedia&parent=2"}],"curies":[{"name":"wp","href":"https:\/\/api.w.org\/{rel}","templated":true}]}}